ctors of 557495528?
2, 23, 3029867
What are the prime factors of 84271858?
2, 11, 3830539
What are the prime factors of 1600496989?
7, 13, 1009, 17431
List the prime factors of 719065684.
2, 179766421
List the prime factors of 2610002548.
2, 10501, 62137
List the prime factors of 1771655969.
17, 19, 127, 43189
What are the prime factors of 36395319?
3, 29, 418337
What are the prime factors of 202113837?
3, 79, 284267
What are the prime factors of 24515962?
2, 29, 422689
List the prime factors of 13471720.
2, 5, 336793
What are the prime factors of 117829947?
3, 39276649
What are the prime factors of 682238211?
3, 3517, 64661
What are the prime factors of 57445966?
2, 28722983
What are the prime factors of 1894705466?
2, 181, 449, 11657
List the prime factors of 1164772225.
5, 46590889
What are the prime factors of 74557845?
3, 5, 1656841
List the prime factors of 681237090.
2, 3, 5, 17, 31, 53, 271
List the prime factors of 163340640.
2, 3, 5, 67, 1693
What are the prime factors of 61355708?
2, 241, 63647
List the prime factors of 2533338267.
3, 19, 79, 562589
What are the prime factors of 4491339032?
2, 561417379
What are the prime factors of 62687654?
2, 103, 113, 2693
List the prime factors of 673526789.
13, 51809753
List the prime factors of 214020621.
3, 31, 643, 1193
List the prime factors of 61583042.
2, 3617, 8513
List the prime factors of 1109362381.
23, 48233147
List the prime factors of 147876456.
2, 3, 7, 13, 67709
List the prime factors of 4359314728.
2, 544914341
List the prime factors of 5716836240.
2, 3, 5, 43, 251, 2207
What are the prime factors of 1209133970?
2, 5, 11, 19, 578533
What are the prime factors of 1449175?
5, 7, 13
What are the prime factors of 419214744?
2, 3, 13, 23, 6491
What are the prime factors of 6505337631?
3, 13, 31, 1523, 3533
What are the prime factors of 532172330?
2, 5, 19, 29, 59, 1637
What are the prime factors of 2519223641?
11, 47, 223, 21851
What are the prime factors of 1048405465?
5, 19, 41, 269167
List the prime factors of 1178370723.
3, 3847, 102103
List the prime factors of 8639531.
8639531
What are the prime factors of 536428721?
89, 97, 62137
What are the prime factors of 470133706?
2, 7, 43, 780953
List the prime factors of 892334.
2, 173, 2579
List the prime factors of 5050807050.
2, 3, 5, 19, 1772213
What are the prime factors of 8029348?
2, 683, 2939
List the prime factors of 226393936.
2, 61, 231961
List the prime factors of 1450954050.
2, 3, 5, 7, 13, 106297
List the prime factors of 7325828.
2, 79, 97, 239
What are the prime factors of 38468614?
2, 269, 71503
List the prime factors of 2624116832.
2, 71, 233, 4957
What are the prime factors of 43397237?
13, 3338249
List the prime factors of 1028256479.
1061, 969139
What are the prime factors of 1309952026?
2, 337, 1217, 1597
What are the prime factors of 1275993546?
2, 3, 212665591
What are the prime factors of 329908976?
2, 1933, 10667
What are the prime factors of 65799322?
2, 2089, 15749
What are the prime factors of 151921597?
151921597
What are the prime factors of 170870653?
439, 389227
What are the prime factors of 21223074?
2, 3, 3537179
List the prime factors of 280900434.
2, 3, 1237, 37847
What are the prime factors of 106569521?
106569521
What are the prime factors of 92159427?
3, 30719809
List the prime factors of 2979164909.
7, 61, 631, 11057
List the prime factors of 4141458708.
2, 3, 41, 971, 8669
What are the prime factors of 330444299?
29, 37, 223, 1381
What are the prime factors of 265833368?
2, 107, 310553
What are the prime factors of 8199851?
11, 239, 3119
What are the prime factors of 1071801249?
3, 357267083
What are the prime factors of 307684878?
2, 3, 51280813
List the prime factors of 795246889.
73, 10893793
What are the prime factors of 83576028?
2, 3, 29, 137, 1753
List the prime factors of 12641173.
241, 52453
What are the prime factors of 121325182?
2, 11, 5514781
List the prime factors of 103194094.
2, 51597047
What are the prime factors of 20254335?
3, 5, 647, 2087
List the prime factors of 31435440.
2, 3, 5, 130981
What are the prime factors of 96929181?
3, 43, 47, 73
What are the prime factors of 942584446?
2, 471292223
What are the prime factors of 808142916?
2, 3, 7, 163, 59023
What are the prime factors of 30932231?
11, 17, 53, 3121
What are the prime factors of 6298639?
6298639
What are the prime factors of 2468150143?
2468150143
List the prime factors of 328591729.
877, 374677
What are the prime factors of 8639987?
8639987
What are the prime factors of 322946370?
2, 3, 5, 223, 16091
List the prime factors of 100745984.
2, 393539
What are the prime factors of 19680291?
3, 271, 8069
What are the prime factors of 36913867?
36913867
What are the prime factors of 111849061?
2441, 45821
List the prime factors of 258954709.
13, 167, 181, 659
List the prime factors of 555550948.
2, 138887737
List the prime factors of 102900305.
5, 20580061
What are the prime factors of 455750035?
5, 13, 647, 10837
List the prime factors of 251744433.
3, 19, 232451
List the prime factors of 170329407.
3, 31, 43, 191, 223
List the prime factors of 2300747263.
2300747263
What are the prime factors of 686195474?
2, 73, 4699969
What are the prime factors of 224996887?
17, 163, 81197
What are the prime factors of 405750274?
2, 4363, 46499
List the prime factors of 204434123.
204434123
List the prime factors of 142299.
3, 97, 163
What are the prime factors of 592002940?
2, 5, 29600147
What are the prime factors of 35166346?
2, 43, 408911
What are the prime factors of 2843099840?
2, 5, 7, 1269241
What are the prime factors of 11882634?
2, 3, 29, 47, 1453
What are the prime factors of 4565824949?
7, 13311443
What are the prime factors of 800760274?
2, 79, 5068103
List the prime factors of 133877008.
2, 83, 100811
List the prime factors of 64811624.
2, 953, 8501
What are the prime factors of 210743027?
11, 107, 179051
What are the prime factors of 94729447?
94729447
What are the prime factors of 2441414538?
2, 3, 19, 7138639
What are the prime factors of 334457457?
3, 73, 1527203
What are the prime factors of 212505387?
3, 70835129
What are the prime factors of 89482782?
2, 3, 14913797
List the prime factors of 113189963.
2237, 50599
What are the prime factors of 134309005?
5, 19, 29, 48751
List the prime factors of 1935444699.
3, 884977
What are the prime factors of 2779210270?
2, 5, 277921027
What are the prime factors of 1694908203?
3, 23, 24563887
What are the prime factors of 41318534?
2, 17, 23, 52837
What are the prime factors of 365634615?
3, 5, 31, 786311
List the prime factors of 312440816.
2, 31, 629921
What are the prime factors of 600240468?
2, 3, 107, 467477
What are the prime factors of 3780728?
2, 7, 181, 373
What are the prime factors of 4153830302?
2, 2076915151
List the prime factors of 2520140355.
3, 5, 56003119
List the prime factors of 60183461.
13, 53, 113, 773
List the prime factors of 1221299707.
29, 42113783
What are the prime factors of 13332665?
5, 67, 39799
List the prime factors of 1863002106.
2, 3, 7, 1642859
List the prime factors of 71945507.
71, 233, 4349
What are the prime factors of 1036066666?
2, 17, 30472549
List the prime factors of 4382833739.
151, 197, 251, 587
List the prime factors of 32671672.
2, 11, 139, 2671
What are the prime factors of 3713107327?
23, 227, 711187
List the prime factors of 66474748.
2, 16618687
List the prime factors of 226142987.
7, 97, 971
List the prime factors of 81521296.
2, 5095081
What are the prime factors of 4015049883?
3, 13, 8623, 11939
List the prime factors of 6080536054.
2, 3040268027
What are the prime factors of 801556051?
801556051
What are the prime factors of 1892833764?
2, 3, 157736147
List the prime factors of 35904882.
2, 3, 13, 31, 479
What are the prime factors of 6309537014?
2, 11, 149, 233, 751
List the prime factors of 217397296.
2, 31, 438301
What are the prime factors of 329450975?
5, 7, 19, 99083
What are the prime factors of 3148056858?
2, 3, 1103, 475681
What are the prime factors of 82798266?
2, 3, 167, 82633
What are the prime factors of 105709607?
105709607
What are the prime factors of 1170392804?
2, 7, 3943, 10601
What are the prime factors of 25799570?
2, 5, 43, 59999
What are the prime factors of 941712196?
2, 347, 653, 1